ber?
False
Let i be 3 + -4 - (-2)/1. Is (-1)/((-3)/6)*i prime?
True
Is (20/30)/(4/186) prime?
True
Let n(p) = 2 + p - 10*p**3 - 1 - 5*p**3. Is n(-1) composite?
True
Suppose 0 = -4*b - 16, -x + 3*b + 5027 = -2*b. Is x prime?
False
Let p be (-2)/(-6) - 24/(-9). Suppose 4*g + g + p = d, 4*d = -4*g + 12. Suppose -533 = -d*k - 4*i, -3*k - k + 5*i = -721. Is k a prime number?
True
Suppose -643 - 1267 = -2*u. Suppose 0*v + u = 5*v. Is v a composite number?
False
Suppose 0 = 4*z + 12, 3*c + 4*z - 1871 = 220. Is c composite?
False
Is (-3)/(-2)*(4 - -442) a composite number?
True
Suppose 5*a - r = -0*a - 32, 5*a + 36 = 3*r. Is 24 - 3*(-2)/a a composite number?
False
Let q = 53 + 641. Is q a composite number?
True
Suppose 5*w = 2*w - 2*v + 10, 4*w = 2*v + 18. Suppose x + 57 = w*x. Is x composite?
False
Suppose -34 = -2*x + 256. Is x a prime number?
False
Let o = 4 + -2. Suppose 3*d - 233 = 5*y, 0 = -o*d - 3*d - 3*y + 411. Suppose d - 271 = -2*l. Is l a prime number?
False
Suppose 2*y + 9*k - 4*k = -4, 0 = -2*y - 4*k - 2. Suppose y*z = 92 + 67. Is z composite?
False
Let z(y) = -y**2 + 6*y - 3. Let a be z(5). Suppose 4*x - 6 = -3*q - 1, -x + a*q = -4. Suppose 5*t = -15, -5*t + x*t - 102 = -3*k. Is k a composite number?
False
Let c(y) = 3*y**2 - 4*y + 1. Suppose 2*v - m = -0*v + 12, -2*m = 2*v - 24. Is c(v) composite?
True
Is ((11 + -4)/21)/((-1)/(-15879)) composite?
True
Suppose 2*o - h = -0*h + 3780, 0 = -2*h - 4. Is o composite?
False
Let i(o) = o**2 + 5*o - 7. Let l = -5 - -15. Is i(l) prime?
False
Let i(j) = -2*j**2 - 2*j + 6 + 0*j + 3*j**2. Let d = -2 + 7. Is i(d) a composite number?
True
Let w(b) = b**3 + 2*b**2 - 4*b + 2. Is w(2) a composite number?
True
Suppose -u = 4*f - 17, -u = f - 5*f + 7. Is (-23)/2*(u + -9) composite?
True
Let x be (-12414)/(-10) - 36/(-60). Let h = x + -861. Is h a composite number?
True
Let o(m) = -2*m**2 + 3*m - 8. Let j be o(6). Let r be 1 + 1 - (0 + j). Suppose 0 = 3*k - 131 - r. Is k composite?
True
Let d(j) = 14*j - 1. Let w be d(2). Let p = w - 18. Is p prime?
False
Is ((-3)/(-2))/((-9)/(-1962)) prime?
False
Suppose -y - 8 = 2*y - u, -26 = y - 5*u. Let h = 5 + -8. Is y/(h/105) - 0 a prime number?
False
Suppose -9*j + 11*j - 746 = 0. Is j composite?
False
Let q(t) = 47*t**2 - t - 4. Let r be q(-3). Let u = 831 - r. Is u prime?
True
Suppose 0 = -n + 4*r + 309 + 682, -3*r + 15 = 0. Is n a composite number?
True
Let u = -139 + 618. Is u prime?
True
Let s be 74/(-9) - (-4)/18. Let j = -5 - s. Is 32/j - 8/12 a prime number?
False
Let n = 213 + 322. Is n composite?
True
Suppose 5385 = -y + 6*y. Is y a composite number?
True
Suppose -5*f = -18 + 168. Let d = 149 - f. Is d a composite number?
False
Let j(y) = -y**2 + 10*y - 10. Let v be j(7). Suppose 0 = -2*l + v + 3. Is l prime?
True
Suppose 12 - 31 = -3*j - 2*q, -5 = 5*j - 4*q. Is 3/(j/14) + 1 prime?
False
Let r be (4 - (4 + -2)) + 2. Suppose 0*p + 3*p - s - 1326 = 0, -1784 = -r*p - 4*s. Is p composite?
False
Suppose 4*u + 5*y - 776 = -0*u, -2*y + 970 = 5*u. Is u composite?
True
Suppose 0 = -j - 4, -2*n - j + 5 = n. Suppose -n*l + 788 = l. Let x = -82 + l. Is x composite?
True
Suppose -5*h - 4*k + 546 = 0, 2*h = -2*h + 2*k + 416. Suppose 4*o = -m - 55, 8*o - 3*o = m + 19. Let r = m + h. Is r prime?
True
Let r(o) = 39*o**2 + o - 1. Let g be r(2). Suppose 4*k - 74 - 85 = 3*b, b = 4*k - g. Is k a composite number?
True
Let n be (-4)/(-18) - 3520/(-36). Let r = 105 + -42. Let f = n - r. Is f a prime number?
False
Let y be (-16)/9 - 4/18. Is 643 + -4*(-1)/y composite?
False
Suppose -275 = -s - 0*s. Suppose -5*l = o - 275, -5*l = -2*o + 6*o - s. Is l composite?
True
Suppose 415 = -0*r + 5*r. Suppose r = 5*i + 33. Is i prime?
False
Let r(h) = 2*h + 11. Let p(w) = -w - 6. Let b(m) = 11*p(m) + 6*r(m). Let l be b(2). Suppose 0 = -t - 2*a + 117, -2*a - 259 = -l*t - a. Is t composite?
False
Let f = -27 + 67. Suppose 0 = -l - f + 6. Is (1 - 3)*l/2 a composite number?
True
Let l(p) = 5*p**2 + 4*p + 7. Let h be l(-6). Suppose x - h = -0*x. Is x composite?
False
Suppose -1705 - 977 = -6*j. Is j composite?
True
Suppose -7*i = -3*i - 8. Suppose -i*c = -c - 161. Is c a prime number?
False
Let i = -6 + 11. Suppose 4*g = -i*b - 772, -4*b - 3*g = -g + 614. Let p = 263 + b. Is p composite?
True
Suppose 28 = c - 0. Suppose 0*k - c = -4*k. Suppose 0 = k*s - 3*s - 40. Is s a composite number?
True
Suppose -2*h + 4*o = 112, -h + 3*h + o + 122 = 0. Let k be (-30)/4*h/18. Is 5*5/(k/14) composite?
True
Let j be (8/(-12))/((-2)/(-9)). Is 47/(1/((-3)/j)) a prime number?
True
Is (0 + -2084)*(-1)/4 a prime number?
True
Let v = 743 - 346. Is v a prime number?
True
Is 4/(-5)*(-1030)/4 a composite number?
True
Suppose -6*s = -s + 5. Let a be 1 + (1/s - -1). Suppose -11 = -z - h, -2*h = -z + 9 - a. Is z prime?
False
Suppose 1264 = 5*d - 3*d. Is d/(-24)*(1 + -4) prime?
True
Suppose 2*a - 2*r = -0*a + 18, -5 = r. Suppose 903 = -h + a*h. Is h a prime number?
False
Let j(k) = k**2 - 4*k - 3. Let m be j(4). Let i(p) = -p**3 - 3*p**2 - 4. Let x be i(m). Is (-2 - x) + 37 + -2 prime?
True
Suppose -114 = 4*z - 34. Let i = z - -34. Is i composite?
True
Suppose -38 = 2*n - 3*g, -2*g - 3*g = -2*n - 42. Let z be (-84)/16*n/3. Let v = z - 9. Is v composite?
False
Suppose -6 = 2*j, 0 + 1 = 5*n + 3*j. Suppose a + n*a = 345. Is a a prime number?
False
Let m = 7091 - 4074. Is m a prime number?
False
Suppose 522 = -6*s + 2748. Is s composite?
True
Let x be (-52)/(-3) - 2/(-3). Suppose -2*p + 64 - x = 0. Is p a composite number?
False
Let j(b) = 10*b**3 - b**2 - 11*b + 1. Is j(6) a prime number?
False
Let r = 8 - 5. Let k = r - 3. Suppose k = -5*c + c + 196. Is c composite?
True
Is (-3)/6 + (-169044)/(-24) composite?
False
Suppose 10 = 6*d - 4*d. Suppose d*p - 45 = 2*t, -17 + 53 = 4*p - t. Is p a prime number?
False
Let j = 3738 - -1485. Is j a composite number?
True
Let i(h) = -6*h - 6. Let y be i(-6). Suppose -5*x + 5*p = -75, -4*x + 3*p + y = -34. Is x prime?
True
Suppose -2*m - g + 45 = -2*g, -5*g + 135 = 5*m. Suppose -b - 2*n + 12 = 0, 9*b - 2*n - m = 4*b. Is b prime?
False
Suppose -4*t + 1568 = 2*c, 8*t - 4*t = 3*c + 1558. Is t prime?
False
Suppose -6 - 3 = -3*b - 5*j, 5*b - j = 15. Suppose 0 = -4*t + 4*f + 80, 51 + 27 = 3*t + b*f. Is t a composite number?
False
Suppose 0 = 6*c - 3*c + 6. Let n(q) = 11*q**2 - 2*q + 1. Is n(c) composite?
True
Suppose z - 27 = 3*t, 5*t = 3*z + 11 - 92. Suppose 3*a = 5*o + 30, o + 27 = 3*a - 3*o. Suppose a*h - 51 = -4*w, 3*h + z = 3*w + w. Is w prime?
False
Let x(z) = z**3 + 12*z**2 - 15*z + 1. Let n be x(-13). Let h = n + -2. Is h a composite number?
True
Let o(x) = -677*x**3 + x + 1. Is o(-1) a composite number?
False
Suppose 5*v - 9*v = 5*n - 3051, -4*n = v - 2443. Is n prime?
False
Let u(k) = k**3 - 14*k**2 + 5*k - 1. Is u(15) composite?
True
Suppose -1087 - 314 = -3*c. Is c composite?
False
Suppose -3*r = 2*r - 340. Let y = r - 37. Is y a composite number?
False
Suppose -5*p + 4*w - w - 5590 = 0, 4*w - 5585 = 5*p. Let l = -372 - p. Is l a prime number?
False
Suppose 0 = 2*g - 3*a - 11 - 2, -5*g = -4*a - 29. Suppose -2*r - 3*r - g = 0. Is -22*(-2 + 2 + r) prime?
False
Suppose 0 = -2*j - 2*j + 24. Suppose 0*p + 25 = 5*p, -n + 2*p = -j. Let g = 69 - n. Is g a prime number?
True
Let n be (-2)/(-3) - 50/(-15). Is (-27 + n)*(-4 + 1) a composite number?
True
Suppose 0 = -d + k + 498, 4*k - 3 = 1. Is d a composite number?
False
Is 1168 + (1 - -3)/4 a composite number?
True
Let g be (-763)/(-5) - (-8)/20. Let z = -40 + g. Is z a prime number?
True
Let z(r) = 10*r - 11. Suppose 22 = 2*a - 2. Suppose 7*t - 3*g - 52 = 2*t, -a = t + 5*g. Is z(t) a composite number?
True
Let p(m) = m**3 + 6*m**2 - 7*m + 8. Let s be p(-7). Let r = s + -5. Is r a composite number?
False
Suppose 0 = -3*f - 3*o + 1185, 4*f + o - 233 = 1353. Is f prime?
True
Suppose -3*p - 2 = -11. Suppose -p*z + 6 = -3*x + 2*x, 4*x - 3*z - 12 = 0. Let y = 0 + x. Is y a composite number?
True
Let i(k) = 13*k**2 - 3*k - 9. Suppose 20 = -4*c + 4*p, 5*p - 13 = -2*c + 4*c. Is i(c) a prime number?
True
Let o(k) be the third derivative of -1/4*k**4 + 0 + 1/60*k**5 + k**2 + 0*k - 5/3*k**3. Is o(8) prime?
False
Let d = -225 + 10. Let b = d + 2410. Suppose 4*k + 4*p - b = -715, -5*k = -4*p - 1877. Is k composite?
False
Let n = -2 - -3. Let u be (